 of 45598716?
2, 3, 1266631
List the prime factors of 1006752967.
11, 53, 61, 28309
List the prime factors of 9799179.
3, 13, 251261
What are the prime factors of 200903433?
3, 17, 1223, 3221
What are the prime factors of 2062556394?
2, 3, 1069, 321571
List the prime factors of 4417384648.
2, 743, 743167
List the prime factors of 23147804.
2, 379, 15269
List the prime factors of 60004137.
3, 373, 53623
What are the prime factors of 2160326559?
3, 137, 5256269
List the prime factors of 582066541.
7, 1213, 1399
What are the prime factors of 30946839?
3, 7, 11, 19, 641
What are the prime factors of 1244621537?
79, 1733, 9091
What are the prime factors of 41052386?
2, 20526193
What are the prime factors of 186096249?
3, 967, 21383
List the prime factors of 620518707.
3, 83, 311, 2671
What are the prime factors of 267619061?
281, 952381
What are the prime factors of 58955143?
13, 199, 1753
List the prime factors of 908961413.
29, 31343497
What are the prime factors of 9738711?
3, 61, 73
What are the prime factors of 1262369710?
2, 5, 7, 29, 47, 101, 131
List the prime factors of 729836223.
3, 89, 2733469
What are the prime factors of 3753079804?
2, 19, 89, 103, 5387
List the prime factors of 68708666.
2, 13, 1259, 2099
List the prime factors of 61645438.
2, 79, 390161
List the prime factors of 2658638023.
19, 139928317
List the prime factors of 29698151.
7, 4242593
List the prime factors of 569822352.
2, 3, 11, 109, 9901
List the prime factors of 1300212400.
2, 5, 433, 7507
List the prime factors of 189310312.
2, 257, 92077
What are the prime factors of 527770568?
2, 13, 113, 44909
List the prime factors of 428626453.
19, 241, 93607
What are the prime factors of 1678075964?
2, 541, 775451
List the prime factors of 46289138.
2, 7, 31, 106657
List the prime factors of 48964658.
2, 17, 307, 4691
What are the prime factors of 595902940?
2, 5, 193, 317, 487
List the prime factors of 28151267.
28151267
What are the prime factors of 99243091?
23, 199, 21683
List the prime factors of 270145148.
2, 7, 13, 57089
List the prime factors of 355852685.
5, 71170537
What are the prime factors of 431657025?
3, 5, 29, 198463
What are the prime factors of 1089789552?
2, 3, 73, 11519
List the prime factors of 557994198.
2, 3, 92999033
List the prime factors of 96548757.
3, 32182919
What are the prime factors of 23632140?
2, 3, 5, 7, 56267
List the prime factors of 192082813.
13, 17, 869153
List the prime factors of 14652019.
1249, 11731
What are the prime factors of 882860852?
2, 107, 2062759
List the prime factors of 2797629312.
2, 3, 19, 547, 701
List the prime factors of 230720859.
3, 8545217
List the prime factors of 72968232.
2, 3, 3040343
List the prime factors of 67108793.
109, 615677
What are the prime factors of 47004236?
2, 11751059
List the prime factors of 11275321.
89, 151, 839
What are the prime factors of 375128492?
2, 93782123
What are the prime factors of 100720654?
2, 29, 1736563
What are the prime factors of 42581752?
2, 1949, 2731
What are the prime factors of 2265340811?
2265340811
List the prime factors of 101837128.
2, 12729641
List the prime factors of 32997051.
3, 17, 31, 773
What are the prime factors of 366930104?
2, 6329, 7247
List the prime factors of 59702912.
2, 17, 27437
What are the prime factors of 171788776?
2, 571, 37607
List the prime factors of 170026507.
7, 29, 37, 22637
List the prime factors of 39643299.
3, 4404811
What are the prime factors of 90699759?
3, 10077751
List the prime factors of 2046269520.
2, 3, 5, 23, 41189
List the prime factors of 32894553.
3, 10964851
What are the prime factors of 174244502?
2, 337, 419, 617
What are the prime factors of 50999384?
2, 6374923
List the prime factors of 672429441.
3, 17, 2389, 5519
What are the prime factors of 12582930?
2, 3, 5, 59, 7109
List the prime factors of 39399493.
7, 5628499
List the prime factors of 1289399001.
3, 11, 6203, 6299
What are the prime factors of 388511726?
2, 9767, 19889
List the prime factors of 447021302.
2, 7, 13, 31, 79231
What are the prime factors of 17212065?
3, 5, 13, 61, 1447
What are the prime factors of 7099664?
2, 11, 13, 29, 107
What are the prime factors of 12794963?
12794963
What are the prime factors of 27722162?
2, 13, 1066237
What are the prime factors of 828553842?
2, 3, 43, 127, 8429
List the prime factors of 2888282711.
17, 169898983
List the prime factors of 170446134.
2, 3, 79, 109, 3299
What are the prime factors of 331765648?
2, 20735353
What are the prime factors of 194663745?
3, 5, 4325861
What are the prime factors of 3232821?
3, 1077607
What are the prime factors of 35025814?
2, 17, 263, 3917
List the prime factors of 24600317.
7, 23, 47, 3251
What are the prime factors of 166692773?
13, 12822521
List the prime factors of 546733728.
2, 3, 61, 31121
List the prime factors of 1473266140.
2, 5, 281, 262147
What are the prime factors of 144325999?
144325999
What are the prime factors of 78280590?
2, 3, 5, 2609353
What are the prime factors of 1124786615?
5, 71, 1109, 2857
What are the prime factors of 645685039?
37, 17450947
List the prime factors of 27268455.
3, 5, 23, 79039
List the prime factors of 1323225189.
3, 11, 13, 19, 53, 1021
What are the prime factors of 23983980?
2, 3, 5, 61, 6553
What are the prime factors of 274966998?
2, 3, 1439, 31847
List the prime factors of 31768274.
2, 17, 37, 25253
What are the prime factors of 35029124?
2, 13, 673637
List the prime factors of 184558323.
3, 71, 866471
List the prime factors of 117006979.
79, 709, 2089
List the prime factors of 1070646243.
3, 41, 383, 22727
List the prime factors of 34423966.
2, 17211983
List the prime factors of 3942925.
5, 7, 22531
List the prime factors of 129285081.
3, 14365009
List the prime factors of 3542616464.
2, 221413529
List the prime factors of 435115610.
2, 5, 23, 1891807
What are the prime factors of 2388598196?
2, 37, 179, 90163
List the prime factors of 6371800.
2, 5, 31859
What are the prime factors of 947089351?
13, 431083
List the prime factors of 39188337.
3, 13062779
List the prime factors of 1180375506.
2, 3, 65576417
What are the prime factors of 286696582?
2, 167, 858373
List the prime factors of 185733031.
11, 16884821
List the prime factors of 2534997599.
59, 42966061
What are the prime factors of 3063159176?
2, 7, 11, 19, 157, 1667
What are the prime factors of 655426642?
2, 13, 25208717
List the prime factors of 1133870054.
2, 23, 97, 163, 1559
List the prime factors of 72123328.
2, 193, 5839
List the prime factors of 355310671.
355310671
What are the prime factors of 183285049?
43, 149, 28607
List the prime factors of 418509860.
2, 5, 109, 191977
What are the prime factors of 103802751?
3, 13, 887203
List the prime factors of 33238639.
7, 4748377
List the prime factors of 70622104.
2, 7, 1261109
List the prime factors of 47548943.
13, 1123, 3257
List the prime factors of 3517814726.
2, 17, 409, 252971
What are the prime factors of 4112598264?
2, 3, 1471, 116491
What are the prime factors of 25331982?
2, 3, 13, 79, 4111
List the prime factors of 2332462152.
2, 3, 17, 5716819
List the prime factors of 137104095.
3, 5, 19, 481067
List the prime factors of 5545374449.
17, 3079, 105943
List the prime factors of 30256596.
2, 3, 523, 1607
List the prime factors of 17645502.
2, 3, 7, 53, 7927
What are the prime factors of 2587086263?
2587086263
What are the prime factors of 138381050?
2, 5, 487, 5683
List the prime factors of 328076389.
328076389
What are the prime factors of 36704670?
2, 3, 5, 1223489
What are the prime factors of 101234110?
2, 5, 10123411
List the prime factors of 46530488.
2, 439, 13249
What are the prime factors of 5127636?
2, 3, 137, 3119
List the prime factors of 1066975363.
337, 3166099
List the prime factors of 322315823.
322315823
What are the prime factors of 114191613?
3, 1409773
What are the prime factors of 832801216?
2, 13, 571, 1753
List the prime factors of 359191227.
3, 37, 1229, 2633
What are the prime factors of 1461778637?
11, 53, 2507339
What are the prime factors of 632037442?
2, 241, 5441
List the prime factors of 3439307847.
3, 109, 149, 70589
List the prime factors of 733553582.
2, 23, 15946817
What are the prime factors of 36296551?
36296551
What are the prime factors of 116277098?
2, 7, 23, 